or of 615 and 254487.
123
What is the greatest common factor of 12150 and 536850?
450
What is the highest common factor of 20775 and 175?
25
Calculate the greatest common divisor of 3344 and 13904.
176
What is the highest common divisor of 3045 and 755769?
609
What is the highest common divisor of 334 and 106546?
334
Calculate the highest common divisor of 33490 and 85.
85
Calculate the highest common factor of 2209374 and 36.
18
Calculate the highest common divisor of 17575 and 4075.
25
Calculate the highest common factor of 246 and 221808.
6
Calculate the highest common factor of 16485 and 2940.
105
What is the greatest common divisor of 18 and 47079?
9
What is the greatest common factor of 612959 and 494?
19
Calculate the greatest common factor of 17104 and 608.
16
Calculate the highest common divisor of 155 and 1315.
5
What is the greatest common divisor of 7 and 606851?
7
What is the greatest common factor of 101600 and 1200?
400
Calculate the greatest common factor of 31188 and 2.
2
Calculate the highest common divisor of 164425 and 2625.
25
Calculate the highest common factor of 479144 and 404.
404
Calculate the highest common factor of 10296 and 116028.
396
What is the greatest common divisor of 58 and 1960197?
29
Calculate the highest common factor of 38 and 167390.
38
Calculate the greatest common factor of 117 and 3992391.
117
What is the greatest common divisor of 113 and 689413?
113
Calculate the highest common divisor of 9048 and 66.
6
Calculate the greatest common factor of 325 and 964600.
325
What is the greatest common divisor of 1798 and 4681?
31
What is the highest common divisor of 24575 and 50?
25
What is the greatest common factor of 141 and 3593103?
141
What is the greatest common divisor of 159919 and 1955?
391
Calculate the greatest common factor of 102 and 154853.
17
What is the greatest common divisor of 2189 and 484?
11
Calculate the greatest common factor of 2961 and 1407.
21
Calculate the highest common divisor of 439 and 7686451.
439
Calculate the greatest common factor of 9600 and 6584.
8
What is the greatest common divisor of 423861 and 102?
51
Calculate the greatest common factor of 9896 and 248.
8
What is the highest common divisor of 264 and 1432552?
88
Calculate the highest common factor of 2013 and 2347829.
671
What is the highest common factor of 39963 and 60753?
231
What is the highest common factor of 126 and 185778?
18
What is the greatest common factor of 296 and 8474776?
296
What is the greatest common factor of 2468051 and 106?
53
Calculate the greatest common divisor of 234786 and 16350.
654
Calculate the highest common factor of 210 and 1444702.
14
Calculate the highest common factor of 20050 and 50.
50
What is the greatest common factor of 536 and 110014?
134
Calculate the greatest common divisor of 292551 and 105.
21
What is the highest common divisor of 12550 and 159134?
502
Calculate the greatest common factor of 174 and 552.
6
Calculate the greatest common divisor of 12030 and 540.
30
What is the greatest common divisor of 5015 and 45430?
295
What is the greatest common divisor of 53836 and 344?
172
Calculate the greatest common factor of 300 and 18015.
15
Calculate the greatest common divisor of 1050 and 877200.
150
What is the greatest common divisor of 20250 and 162?
162
Calculate the highest common factor of 19580 and 4840.
220
What is the highest common factor of 117 and 169299?
117
What is the greatest common divisor of 17996 and 1375?
11
What is the greatest common factor of 8 and 5072304?
8
Calculate the greatest common divisor of 99 and 79821.
9
Calculate the greatest common divisor of 28839 and 114.
3
What is the greatest common factor of 254765 and 1015?
1015
What is the highest common divisor of 25 and 35975?
25
Calculate the greatest common factor of 2250 and 5760.
90
Calculate the highest common factor of 70 and 47558.
14
What is the highest common factor of 4521 and 594443?
137
What is the greatest common divisor of 42688 and 92?
92
What is the greatest common factor of 11 and 51271?
11
Calculate the greatest common factor of 100 and 29032.
4
What is the greatest common divisor of 2439 and 208399?
271
Calculate the highest common divisor of 104430 and 10266.
354
Calculate the greatest common divisor of 15 and 19086.
3
Calculate the greatest common divisor of 19 and 5026507.
19
What is the greatest common factor of 50 and 126775?
25
Calculate the highest common factor of 43901 and 741.
13
What is the greatest common factor of 132 and 11759?
11
Calculate the highest common factor of 9387 and 130375.
1043
Calculate the greatest common divisor of 58160 and 10.
10
What is the greatest common factor of 13215 and 65?
5
Calculate the greatest common factor of 2592 and 1536.
96
Calculate the greatest common factor of 605397 and 247.
247
Calculate the greatest common factor of 5250 and 1015.
35
What is the greatest common divisor of 320 and 404672?
64
What is the greatest common divisor of 536 and 408432?
536
Calculate the greatest common divisor of 628 and 1164.
4
What is the greatest common divisor of 9 and 306549?
9
What is the greatest common factor of 1671201 and 1294?
647
What is the greatest common factor of 216 and 73152?
72
What is the greatest common factor of 75639 and 285?
57
What is the highest common divisor of 70546 and 35?
7
What is the highest common factor of 33443 and 3155?
631
What is the highest common divisor of 485 and 890?
5
Calculate the highest common divisor of 4648 and 5600.
56
What is the greatest common divisor of 12 and 21741?
3
Calculate the greatest common factor of 1608 and 119940.
12
What is the highest common divisor of 10293 and 4841?
47
Calculate the greatest common factor of 553 and 1027.
79
Calculate the highest common factor of 397713 and 2997.
111
Calculate the greatest common divisor of 27981 and 27.
9
Calculate the greatest common factor of 118248 and 780.
156
Calculate the greatest common divisor of 6233 and 273981.
271
What is the highest common factor of 13706 and 42?
14
Calculate the greatest common divisor of 36704 and 32.
32
Calculate the greatest common factor of 153483 and 176.
11
What is the greatest common factor of 48507 and 276?
69
What is the highest common factor of 242649 and 5016?
627
What is the greatest common factor of 1024 and 418?
2
Calculate the greatest common divisor of 91875 and 35.
35
Calculate the greatest common factor of 50477 and 7.
7
What is the greatest common factor of 8232 and 609?
21
What is the highest common factor of 25 and 5725?
25
What is the greatest common divisor of 63 and 82159?
7
Calculate the greatest common factor of 6505588 and 852.
284
What is the greatest common factor of 5795 and 1995?
95
Calculate the greatest common factor of 182865 and 219.
219
What is the highest common factor of 89133 and 185?
37
What is the greatest common divisor of 139545 and 405?
45
Calculate the greatest common divisor of 75886 and 38.
38
Calculate the highest common factor of 303792 and 16.
16
What is the highest common divisor of 3015 and 33835?
335
Calculate the greatest common divisor of 29 and 185252.
29
Calculate the greatest common factor of 6789 and 876.
219
Calculate the highest common factor of 128 and 529024.
128
What is the highest common divisor of 1312 and 152?
8
What is the greatest common factor of 3008 and 33652?
188
Calculate the greatest common divisor of 26537 and 51.
17
What is the greatest common factor of 39088 and 8?
8
What is the highest common factor of 3 and 2363?
1
What is the greatest common divisor of 1045170 and 474?
474
What is the highest common divisor of 1764 and 264348?
252
Calculate the greatest common factor of 53570 and 330.
110
What is the highest common divisor of 1052 and 62857?
263
What is the highest common factor of 1286 and 3339742?
1286
Calculate the greatest common divisor of 60 and 211560.
60
What is the greatest common divisor of 238380 and 696?
348
Calculate the highest common factor of 588 and 18672.
12
What is the highest common factor of 40736 and 2912?
32
Calculate the greatest common divisor of 8762377 and 481.
481
Calculate the greatest common factor of 56 and 57484.
28
Calculate the highest common factor of 324 and 444.
12
What is the greatest common divis